it of q?
0
Suppose -5 = -3*b + 40. What is the units digit of (-3)/b - 1008/(-15)?
7
Let g(u) = 24*u - 401. What is the units digit of g(52)?
7
Let u be (0 - 11) + (2 - -1). What is the units digit of 932/18 + u/(-36)?
2
Let w = 28 - -130. What is the hundreds digit of w?
1
Suppose 4*j + 8 = 0, -5*w - 5*j = -9 + 24. What is the hundreds digit of 321/3 + 1 + w + -3?
1
Let o = 17 + -15. Suppose 16 = o*t - d - 22, -d = 0. What is the units digit of t?
9
Let j be (-16)/(-28) + (-95)/7. Let n = 20 - j. What is the tens digit of n?
3
Let r be (-6)/((-6)/((-6)/(-2))). Let a(q) = 0*q**3 + 5 - 1 - 3*q**r + 4*q**3 + 12*q**2. What is the units digit of a(-12)?
4
Let t be 1/3*(-11 + 8). Let w be 0/(t/((-1)/(-2))). Suppose 2*k = -5*x + x + 90, w = 5*x + 5*k - 105. What is the units digit of x?
4
Suppose -m + 6*m + 455 = 0. Let a = 135 + m. What is the tens digit of a?
4
Let b = 1204 - 288. What is the hundreds digit of b?
9
What is the tens digit of 36/(-13 - -1)*-557?
7
Let q = -9 + 12. Suppose -d - 2*b + 29 = -32, 0 = q*b + 9. What is the tens digit of d?
6
Let x(b) = b**2 + 18*b + 4. What is the units digit of x(14)?
2
Let y(i) = 11*i + 3 - 26 - 43. What is the tens digit of y(8)?
2
Let y = 47 + -34. Let f be (y/4 - 3)*0. Suppose -n - 3*n - 3*c + 118 = f, 99 = 3*n - 3*c. What is the tens digit of n?
3
Let r(i) = 33*i**2 - 4*i + 14. What is the hundreds digit of r(5)?
8
Let w(q) = 7 + q + q - q. Let r be w(-9). What is the units digit of (r/(-3))/((-10)/(-15))?
1
Suppose 2*w = -4*w - 30. What is the units digit of (74/w)/((-6)/15)?
7
Let b(h) = 53*h - 16. What is the hundreds digit of b(9)?
4
Let f be 2*2*((-10)/4)/(-5). Suppose f*s = 202 - 26. What is the tens digit of s?
8
Let q(f) be the third derivative of -3*f**2 + 1/3*f**3 - 1/3*f**4 + 0*f + 0. What is the tens digit of q(-3)?
2
Suppose 5601 = 3*f - 4*g, -5*f + f = 4*g - 7440. What is the thousands digit of f?
1
Let s(k) = 7*k + 5*k**2 + 5 - 3*k - 5*k - 3. What is the tens digit of s(4)?
7
Let j(f) = -f**3 - 12*f**2 - 15*f + 22. What is the tens digit of j(-12)?
0
Suppose 13 + 11 = 3*y. Suppose 4*f - 5*f + y = 0. What is the units digit of f?
8
Let x(g) be the first derivative of -1/2*g**2 + 5 + 2*g**3 - 1/4*g**4 - 5*g. What is the units digit of x(4)?
3
Let a = 25 + -19. Suppose 2*v + g = a*v - 515, -4*g = -v + 125. What is the hundreds digit of v?
1
Suppose -2*a = -2*b + 5376, -46*a + 41*a - 8054 = -3*b. What is the hundreds digit of b?
6
Suppose -c = -3*v - 3*c + 34, 0 = 3*v + c - 29. Let p(d) = 6*d + 4*d - d**3 + 1 - 12 + 7*d**2. What is the units digit of p(v)?
5
Let t(o) be the first derivative of o**4/4 + 21*o + 4. Let p = -7 + 7. What is the tens digit of t(p)?
2
Suppose 3*r - r - 151 = -5*s, -2*r = -s + 23. Suppose -339 = -4*x + s. What is the tens digit of x?
9
Let m = -20 - -21. Suppose 61 = 4*k + 3*o, 3*k + 5*o + m = 33. What is the tens digit of k?
1
Let u(a) = 86*a**2 + a - 1. Let w(s) = s + 4. Let r be w(-3). What is the tens digit of u(r)?
8
Suppose 0 = -w - 0 + 2. Suppose -w*a = 49 + 3. Let z = -14 - a. What is the tens digit of z?
1
Let l = -124 + 130. Suppose 2*f - l*f = -684. What is the units digit of f?
1
What is the thousands digit of (4148/8 - 1)*(-6)/(-3)?
1
What is the tens digit of (-4)/7 - 282315/(-609)?
6
Suppose 15*k = 12*k + 207. Suppose -711 = -5*f + k. What is the hundreds digit of f?
1
Let o(r) = 32*r**2 - 10*r + 41. What is the units digit of o(4)?
3
Let x(w) = w**3 + 23*w**2 + 36. Let i be x(-23). Let s = 21 + -10. Suppose -s*g = -9*g - i. What is the tens digit of g?
1
Suppose -49 = 2*f + 39. Let a be f/8*5*-2. Let c = 120 - a. What is the units digit of c?
5
Let w be (8/(-22))/((-8)/44). Suppose 0 = -w*v - 2*p + 252, v - 375 = -2*v - 4*p. What is the tens digit of v?
2
Let v(b) = -109*b**2 + 4*b + 4. Let u(p) = 73*p**2 - 3*p - 3. Let i(n) = -7*u(n) - 5*v(n). What is the tens digit of i(-1)?
3
Suppose 0 = g - 15 + 3. Suppose 5*p + o = g, -o - 9 = p + 3*o. Suppose -m - 42 = -p*m. What is the units digit of m?
1
Suppose 3*b - 6*b + 2*x = -4, 2*x = 5*b - 8. Suppose 0*z - b*z = -62. Suppose 2*n = -w + 15, -n - 5*w - 10 + z = 0. What is the units digit of n?
6
Let z = 1720 + -190. What is the thousands digit of z?
1
Let u(x) = 5*x. Let r be u(1). Suppose -2*o - 5*l + 0*l + 49 = 0, 138 = r*o - 3*l. Suppose -o*z = -30*z + 180. What is the units digit of z?
0
What is the hundreds digit of -10 + (-3256)/(-11) + (1 - -4)?
2
Let h(z) = 25*z + 14 - z**3 + 38 + 7 + 22*z**2 - 4. What is the hundreds digit of h(23)?
1
Suppose 0 = 3*q + 4*f - 9348, -6232 = -2*q - 13*f + 11*f. What is the hundreds digit of q?
1
Let c(i) = i**2 - 4*i + 4. Let n be c(3). Let a(w) = 2*w**2 - 4*w + 3*w - 1 - n - w**2. What is the tens digit of a(7)?
4
What is the tens digit of 6396/33 + (175/55 - 3)?
9
Let x(d) = d**3 + d**2 - 7*d + 6. What is the units digit of x(15)?
1
Let a(z) = 48*z**2 + 2*z + 4. Let t be a(-2). Let k be -7 - -3 - t/(-3). Suppose 4*i + k = 8*i. What is the units digit of i?
5
Let i(a) = -a**2 - 17*a + 6. Let n be -17*1 + -3 + 3 + 1. What is the units digit of i(n)?
2
Suppose 194 - 7880 = -21*k. What is the tens digit of k?
6
Let w(i) = i**2 + 2*i - 1. Let h be w(1). Suppose -h*b + 30 = -5*b. What is the units digit of 4/b - 162/(-30)?
5
Let p(g) = -21*g**2 + 5*g - 1. Let h(s) = -s. Let j = 6 - 7. Let m(u) = j*p(u) - 5*h(u). What is the units digit of m(-1)?
2
Let u be (-16)/(-6)*9/(-6). Let q = u - 41. Let m = q - -77. What is the tens digit of m?
3
Suppose -3*v + 0*v - 90 = 0. Let f = v - -34. What is the units digit of f?
4
Let t(i) = 3*i**2 - 47*i - 166. What is the tens digit of t(49)?
3
What is the tens digit of 13692/77 - (-8)/44?
7
Let x be (2/15 - 283/(-15)) + -1. Let h(m) = m**2 - 13*m - 23. What is the tens digit of h(x)?
6
Let l(q) = -q**3 - 9*q**2 + 7. Let g be l(-9). Let s(a) = a**3 + a**2 + a + 14. Let n be s(0). What is the units digit of g/(-1)*(-20)/n?
0
Let a be 229/1 - (-4 + 2). Let t = a - 133. What is the tens digit of t?
9
Let p = -5 + 5. Suppose p = -a + 2*g + 2*g + 4, 0 = -2*a + 2*g + 20. What is the tens digit of ((-88)/a)/(2/(-12))?
4
Let f(g) be the first derivative of 7*g**3/6 - 2*g**2 - 3*g + 2. Let q(k) be the first derivative of f(k). What is the units digit of q(4)?
4
Suppose c - 4*c = -r + 1445, -6*c = 3*r - 4275. What is the units digit of r?
3
Suppose -7833 = -8*t - 217. What is the tens digit of t?
5
Suppose -2*c - r - 7 = -5*c, 0 = -3*c + 4*r + 10. Suppose c*g - 55 = 33. What is the units digit of g?
4
Suppose -4*c = 4*k - 408, k - 138 = 3*c - 32. Let r = k + -22. What is the tens digit of r?
8
Let d = 18 + -18. Suppose d = 3*y + 31 - 133. What is the units digit of y?
4
Let s = -734 - -1916. Suppose 0 = -7*f + f + s. What is the tens digit of f?
9
Suppose -16 = 5*o + 44. Let y be 8*o/32*2. What is the units digit of 8 - (y/(-3) + 2)?
4
Let i(x) = 13*x**2 + x + 7. Let r be i(3). Let b = r - 91. What is the tens digit of b?
3
Let w(c) = 4*c + 78. Let x be w(-5). Let a(k) = -k**2 - 2*k - 6. Let j be a(-4). Let y = x + j. What is the tens digit of y?
4
What is the tens digit of (-12110)/20*4/(-7)?
4
Let i(u) = 10*u + 43. Let l be i(-4). Suppose 0 = 2*y - 0*t - 2*t - 432, 2*t - 648 = -l*y. What is the units digit of y?
6
Let i be ((-2)/(-4))/(2/(-4)) - -3. Let f(z) = 17*z**3 + z**2 - z - 4. What is the hundreds digit of f(i)?
1
Let a(w) = -26*w - 1. Let d be a(-1). Suppose -3*j = -124 + d. Suppose j = n + 2*p, -5*n + 3*p + p = -207. What is the units digit of n?
9
Let x be 123/12*32/4. Let k = x - -10. Suppose k = 2*f - 0*f. What is the tens digit of f?
4
Let p(j) = -18*j**3 - 4*j**2 + 25*j + 119. What is the thousands digit of p(-5)?
2
Suppose 0 = 2*u + z - 4, -3*u - 2 + 8 = -3*z. Suppose -u*t + 155 - 43 = 0. What is the tens digit of t?
5
Let k(p) = 29*p - 599. What is the units digit of k(41)?
0
Let i(g) = 5*g + 17. Let m be i(-4). What is the tens digit of ((-2)/(-6))/(m*5/(-3870))?
8
Suppose 2*l - 5*m + 18 = 0, -4*l - 3*m = 10 + 26. Let w = -5 - l. Suppose 0 = w*n - 232 + 72. What is the units digit of n?
0
Let z = 107 + 387. What is the tens digit of z?
9
Let d(s) = s**3 + 6*s**2 - 3*s - 1. Let c(l) = -l**2 - 8*l - 6. Let r be c(-8). Let x be d(r). Let q(w) = w**3 - 17*w**2 + 6. What is the units digit of q(x)?
6
Suppose 0 = 3*x - i - 